 a multiple of 32?
True
Is 1563713892 a multiple of 9080?
False
Does 78 divide 127773567?
False
Is 15459567 even?
False
Does 10 divide 790134990?
True
Is 1233 a factor of 2749120797?
False
Is 102894705 a multiple of 669?
False
Is 9 a factor of 25834641?
False
Does 145 divide 327944615?
True
Is 74 a factor of 29987464?
True
Does 295 divide 833305001?
False
Is 80 a factor of 71448699?
False
Is 153 a factor of 89960634?
True
Does 477 divide 93182904?
True
Is 24086360 a multiple of 1333?
False
Does 96 divide 471948960?
True
Is 32449480 a multiple of 7?
True
Is 164808842 a multiple of 26?
False
Does 146 divide 13572634?
False
Is 363 a factor of 69617289?
False
Is 138656120 a multiple of 628?
True
Does 9 divide 2126779209?
True
Is 658088944 even?
True
Is 7383231291 a multiple of 21?
False
Does 81 divide 33320367?
False
Does 174 divide 170841900?
True
Is 23991688 a multiple of 6?
False
Is 4561 a factor of 422237680?
False
Is 260209688 a multiple of 34?
False
Is 4740702 a multiple of 2?
True
Is 1465 a factor of 37224589?
False
Is 264285333 a multiple of 13?
True
Is 6 a factor of 120245604?
True
Is 4040460 a multiple of 4?
True
Is 11 a factor of 95588779?
True
Is 7358 a factor of 404174940?
True
Does 4498 divide 504279202?
False
Is 1597224719 a multiple of 1178?
False
Is 2 a factor of 1363787?
False
Does 567 divide 38664864?
True
Is 57 a factor of 8925858?
True
Is 53 a factor of 27006724?
False
Is 146488096 a multiple of 47?
True
Is 2 a factor of 681220?
True
Is 7710000 a multiple of 750?
True
Is 55 a factor of 8456191?
False
Does 6 divide 57009198?
True
Is 719942160 a multiple of 70?
True
Is 81169 a multiple of 17?
False
Does 474 divide 8884686?
False
Is 46 a factor of 476353131?
False
Is 448680750 a multiple of 1421?
True
Is 503784702 a multiple of 981?
True
Does 41 divide 1601061?
False
Does 4747 divide 1961246707?
False
Does 19 divide 3094381?
False
Is 1419 a factor of 11073876?
True
Is 64 a factor of 581817530?
False
Is 27 a factor of 301329507?
False
Is 8421 a factor of 196564536?
False
Is 46 a factor of 76868?
False
Is 2135 a factor of 580769105?
True
Does 13 divide 19559550?
False
Does 1449 divide 19675165?
False
Is 83 a factor of 918250331?
True
Does 684 divide 1985868144?
True
Is 20345420 a multiple of 587?
True
Is 32513208 a multiple of 4?
True
Does 72 divide 55284984?
True
Is 95 a factor of 204440?
True
Is 976396 a multiple of 5?
False
Does 36 divide 1243419120?
True
Is 41 a factor of 43113389?
False
Is 95696344 a multiple of 8?
True
Does 76 divide 334906768?
True
Is 24 a factor of 6705925992?
True
Is 3 a factor of 2068215?
True
Does 12 divide 267385920?
True
Is 49214935 a multiple of 17?
False
Is 1794 a factor of 136851702?
True
Does 53 divide 31280335?
True
Is 34 a factor of 804291074?
False
Does 84 divide 2645769?
False
Is 46 a factor of 381032490?
True
Is 296020722 a multiple of 25?
False
Is 734257027 a multiple of 7?
True
Is 57069122 a multiple of 5396?
False
Is 501097608 a multiple of 792?
True
Is 10647 a factor of 3009757842?
True
Does 9 divide 16712332?
False
Is 102200037 a multiple of 483?
False
Is 115 a factor of 10901868?
False
Does 6 divide 184119528?
True
Does 412 divide 977566807?
False
Does 208 divide 1413221?
False
Is 2458186823 a multiple of 15?
False
Is 359254028 a multiple of 28?
True
Is 288 a factor of 156485088?
True
Is 58718673 a multiple of 909?
True
Does 2038 divide 46891365?
False
Does 6 divide 24211782?
True
Does 38 divide 962645429?
False
Is 92033797 a multiple of 9?
False
Does 191 divide 87923412?
True
Does 14 divide 66286086?
False
Is 1743754393 a multiple of 140?
False
Does 8366 divide 779600204?
False
Is 40880027 a multiple of 30?
False
Is 251 a factor of 143645519?
False
Is 927399312 a multiple of 126?
True
Is 1194 a factor of 189025722?
True
Is 3470 a factor of 1206490978?
False
Does 10 divide 575170?
True
Is 7 a factor of 3114076?
True
Does 984 divide 37039728?
True
Is 218370741 a multiple of 177?
True
Is 522 a factor of 57712761?
False
Is 1824 a factor of 10672224?
True
Is 2664 a factor of 130236699?
False
Is 65 a factor of 26130448?
False
Is 91 a factor of 285261795?
True
Is 40 a factor of 553865170?
False
Does 486 divide 96576515?
False
Is 343897280 a multiple of 553?
False
Does 2475 divide 46299825?
True
Is 63567881 a multiple of 2119?
True
Does 5 divide 649895795?
True
Is 20913716 a multiple of 23?
True
Is 15 a factor of 3813165?
True
Does 14556 divide 1866501324?
True
Is 34604907 a multiple of 7?
False
Does 61 divide 43145300?
True
Is 9 a factor of 17097166?
False
Is 275211099 a multiple of 367?
False
Does 497 divide 21232337?
True
Is 7 a factor of 40788111?
True
Is 609595775 a multiple of 25?
True
Does 206 divide 103647579?
False
Is 55700736 a multiple of 1456?
True
Is 10028147 a multiple of 3?
False
Is 54867456 a multiple of 49?
True
Does 14 divide 25678744?
True
Is 2955811 a multiple of 19?
True
Is 74 a factor of 4449694?
True
Is 193521275 a multiple of 451?
False
Is 130 a factor of 2085700490?
False
Is 686 a factor of 5194726768?
True
Does 9 divide 1139258385?
True
Is 155703703 a multiple of 81?
False
Is 4814652960 a multiple of 9360?
True
Does 92 divide 78075800?
True
Does 1013 divide 5315211?
True
Does 42 divide 184476287?
False
Does 9 divide 6857747?
False
Is 81683140 a multiple of 1364?
True
Does 19 divide 743923216?
False
Does 121 divide 12133033?
True
Does 12 divide 119928?
True
Does 129 divide 45541791?
False
Does 55 divide 168870642?
False
Is 2537 a factor of 601926083?
True
Does 91 divide 134808128?
True
Does 1155 divide 2041192909?
False
Does 42 divide 154870925?
False
Does 8 divide 25397944?
True
Is 286449520 a multiple of 70?
True
Does 26 divide 731324946?
False
Does 28 divide 1229263926?
False
Does 54 divide 32625774?
True
Is 80 a factor of 57154977?
False
Is 86 a factor of 103453045?
False
Is 227127390 a multiple of 93?
True
Does 9 divide 4044033?
True
Does 15 divide 2288610?
True
Is 52 a factor of 22652568?
False
Is 3 a factor of 31443355?
False
Is 30 a factor of 5201370?
True
Is 744633851 a multiple of 1598?
False
Is 946022992 a multiple of 50?
False
Does 1060 divide 20357300?
True
Is 416824363 a multiple of 88?
False
Does 28 divide 2862663384?
True
Is 440363113 a multiple of 1123?
True
Is 445 a factor of 28391408?
False
Is 139 a factor of 3425849600?
True
Does 61 divide 273776052?
True
Does 23 divide 197098615?
True
Is 46 a factor of 144624526?
False
Is 135 a factor of 151798455?
True
Is 275 a factor of 67491654?
False
Is 8802126391 a multiple of 26?
False
Is 473271204 a multiple of 8?
False
Does 341 divide 497633666?
False
Does 354 divide 76826496?
True
Does 573 divide 6376344?
True
Does 7 divide 7223735?
False
Does 45 divide 10290612?
False
Is 2785375 a multiple of 4?
False
Is 1920177293 a multiple of 1834?
False
Is 143 a factor of 135820166?
False
Is 17 a factor of 128666846?
True
Is 582 a factor of 53451821?
False
Does 1035 divide 118626714?
False
Is 2432299293 a multiple of 459?
True
Is 66 a factor of 1319662146?
True
Does 3909 divide 5722967292?
False
Does 152 divide 137512120?
True
Is 263 a factor of 284375103?
False
Is 119855008 a multiple of 2212?
True
Is 178773804 a multiple of 44?
True
Is 7671 a factor of 1569143808?
False
Is 237189928 a multiple of 1879?
True
Is 541348808 a multiple of 154?
True
Is 45 a factor of 334993316?
False
Does 1617 divide 1483437417?
True
Does 2576 divide 142934512?
True
Does 86 divide 2108542496?
True
Is 386 a factor of 241154278?
False
Does 38 divide 258883626?
True
Does 235 divide 21819862?
False
Does 430 divide 99962530?
True
Is 217782693 a multiple of 123?
True
Is 96 a factor of 5730502?
False
Does 14 divide 5013705893?
False
Is 57170839 a multiple of 1529?
True
Does 34 divide 12348692?
False
Is 105 a factor of 31248840?
True
Is 376252728 a multiple of 12?
True
Is 25885616 a multiple of 1118?
False
Does 788 divide 1440391504?
True
Is 15 a factor of 982050420?
True
Is 18 a factor of 37974366?
True
Is 114 a factor of 1379079318?
True
Is 203904855 a multiple of 219?
False
Is 564554890 a multiple of 145?
True
Is 41 a factor of 256734368?
False
Does 351 divide 20327107?
False
Is 195965955 a multiple of 603?
True
Is 27 a factor of 302657877?
True
Is 1895959 even?
False
Is 55731150 a multiple of 450?
True
Is 32252825 a multiple of 935?
True
